{"id":1774,"date":"2019-03-04T13:28:24","date_gmt":"2019-03-04T19:28:24","guid":{"rendered":"http:\/\/nacoeschido.com\/nec\/?page_id=1774"},"modified":"2022-11-03T18:38:15","modified_gmt":"2022-11-04T00:38:15","slug":"naco-es-chido","status":"publish","type":"page","link":"http:\/\/nacoeschido.com\/nec\/naco-es-chido\/","title":{"rendered":"\u00a1Naco es Chido!"},"content":{"rendered":"\t\t<div data-elementor-type=\"post\" data-elementor-id=\"1774\" class=\"elementor elementor-1774\" data-elementor-settings=\"[]\">\n\t\t\t<div class=\"elementor-inner\">\n\t\t\t\t<div class=\"elementor-section-wrap\">\n\t\t\t\t\t\t\t<section class=\"elementor-element elementor-element-999d65a elementor-section-boxed elementor-section-height-default elementor-section-height-default elementor-section elementor-top-section\" data-id=\"999d65a\" data-element_type=\"section\">\n\t\t\t\t\t\t<div class=\"elementor-container elementor-column-gap-default\">\n\t\t\t\t<div class=\"elementor-row\">\n\t\t\t\t<div class=\"elementor-element elementor-element-6b29bb2 elementor-column elementor-col-100 elementor-top-column\" data-id=\"6b29bb2\" data-element_type=\"column\">\n\t\t\t<div class=\"elementor-column-wrap  elementor-element-populated\">\n\t\t\t\t\t<div class=\"elementor-widget-wrap\">\n\t\t\t\t<div class=\"elementor-element elementor-element-79ff6b1 elementor-widget elementor-widget-image\" data-id=\"79ff6b1\" data-element_type=\"widget\" data-widget_type=\"image.default\">\n\t\t\t\t<div class=\"elementor-widget-container\">\n\t\t\t\t\t<div class=\"elementor-image\">\n\t\t\t\t\t\t\t\t\t\t<img width=\"600\" height=\"600\" src=\"http:\/\/nacoeschido.com\/nec\/wp-content\/uploads\/2014\/06\/Botellita_De_Jerez-Naco_Es_Chido-Frontal-copia.jpg\" class=\"attachment-large size-large\" alt=\"\" decoding=\"async\" loading=\"lazy\" srcset=\"http:\/\/nacoeschido.com\/nec\/wp-content\/uploads\/2014\/06\/Botellita_De_Jerez-Naco_Es_Chido-Frontal-copia.jpg 600w, http:\/\/nacoeschido.com\/nec\/wp-content\/uploads\/2014\/06\/Botellita_De_Jerez-Naco_Es_Chido-Frontal-copia-150x150.jpg 150w, http:\/\/nacoeschido.com\/nec\/wp-content\/uploads\/2014\/06\/Botellita_De_Jerez-Naco_Es_Chido-Frontal-copia-300x300.jpg 300w\" sizes=\"(max-width: 600px) 100vw, 600px\" \/>\t\t\t\t\t\t\t\t\t\t\t<\/div>\n\t\t\t\t<\/div>\n\t\t\t\t<\/div>\n\t\t\t\t\t\t<\/div>\n\t\t\t<\/div>\n\t\t<\/div>\n\t\t\t\t\t\t<\/div>\n\t\t\t<\/div>\n\t\t<\/section>\n\t\t\t\t<section class=\"elementor-element elementor-element-de3bf41 elementor-section-boxed elementor-section-height-default elementor-section-height-default elementor-section elementor-top-section\" data-id=\"de3bf41\" data-element_type=\"section\">\n\t\t\t\t\t\t<div class=\"elementor-container elementor-column-gap-default\">\n\t\t\t\t<div class=\"elementor-row\">\n\t\t\t\t<div class=\"elementor-element elementor-element-78bc1c6 elementor-column elementor-col-100 elementor-top-column\" data-id=\"78bc1c6\" data-element_type=\"column\">\n\t\t\t<div class=\"elementor-column-wrap\">\n\t\t\t\t\t<div class=\"elementor-widget-wrap\">\n\t\t\t\t\t\t<\/div>\n\t\t\t<\/div>\n\t\t<\/div>\n\t\t\t\t\t\t<\/div>\n\t\t\t<\/div>\n\t\t<\/section>\n\t\t\t\t<section class=\"elementor-element elementor-element-905dca6 elementor-section-boxed elementor-section-height-default elementor-section-height-default elementor-section elementor-top-section\" data-id=\"905dca6\" data-element_type=\"section\">\n\t\t\t\t\t\t<div class=\"elementor-container elementor-column-gap-default\">\n\t\t\t\t<div class=\"elementor-row\">\n\t\t\t\t<div class=\"elementor-element elementor-element-4afc6a0 elementor-column elementor-col-100 elementor-top-column\" data-id=\"4afc6a0\" data-element_type=\"column\">\n\t\t\t<div class=\"elementor-column-wrap  elementor-element-populated\">\n\t\t\t\t\t<div class=\"elementor-widget-wrap\">\n\t\t\t\t<div class=\"elementor-element elementor-element-32ab4bd elementor-widget elementor-widget-text-editor\" data-id=\"32ab4bd\" data-element_type=\"widget\" data-widget_type=\"text-editor.default\">\n\t\t\t\t<div class=\"elementor-widget-container\">\n\t\t\t\t\t<div class=\"elementor-text-editor elementor-clearfix\"><ol><li>Todos tienen tortita menos yo<br \/><p><!--[if lt IE 9]><script>document.createElement('audio');<\/script><![endif]-->\n<audio class=\"wp-audio-shortcode\" id=\"audio-1774-1\" preload=\"none\" style=\"width: 100%;\" controls=\"controls\"><source type=\"audio\/mpeg\" src=\"http:\/\/nacoeschido.com\/nec\/wp-content\/uploads\/2019\/03\/01-Todos-Tienen-Tortita-Menos-Yo.m4a?_=1\" \/><a href=\"http:\/\/nacoeschido.com\/nec\/wp-content\/uploads\/2019\/03\/01-Todos-Tienen-Tortita-Menos-Yo.m4a\">http:\/\/nacoeschido.com\/nec\/wp-content\/uploads\/2019\/03\/01-Todos-Tienen-Tortita-Menos-Yo.m4a<\/a><\/audio><\/p><\/li><li>Soledad<br \/><p><audio class=\"wp-audio-shortcode\" id=\"audio-1774-2\" preload=\"none\" style=\"width: 100%;\" controls=\"controls\"><source type=\"audio\/mpeg\" src=\"http:\/\/nacoeschido.com\/nec\/wp-content\/uploads\/2019\/03\/02-Soledad.m4a?_=2\" \/><a href=\"http:\/\/nacoeschido.com\/nec\/wp-content\/uploads\/2019\/03\/02-Soledad.m4a\">http:\/\/nacoeschido.com\/nec\/wp-content\/uploads\/2019\/03\/02-Soledad.m4a<\/a><\/audio><\/p><\/li><li>El T\u00fanel 29<br \/><p><audio class=\"wp-audio-shortcode\" id=\"audio-1774-3\" preload=\"none\" style=\"width: 100%;\" controls=\"controls\"><source type=\"audio\/mpeg\" src=\"http:\/\/nacoeschido.com\/nec\/wp-content\/uploads\/2019\/03\/03-El-Tu\u0301nel-29.m4a?_=3\" \/><a href=\"http:\/\/nacoeschido.com\/nec\/wp-content\/uploads\/2019\/03\/03-El-Tu\u0301nel-29.m4a\">http:\/\/nacoeschido.com\/nec\/wp-content\/uploads\/2019\/03\/03-El-Tu\u0301nel-29.m4a<\/a><\/audio><\/p><\/li><li>Asalto Chido<br \/><p><audio class=\"wp-audio-shortcode\" id=\"audio-1774-4\" preload=\"none\" style=\"width: 100%;\" controls=\"controls\"><source type=\"audio\/mpeg\" src=\"http:\/\/nacoeschido.com\/nec\/wp-content\/uploads\/2019\/03\/04-Asalto-Chido.m4a?_=4\" \/><a href=\"http:\/\/nacoeschido.com\/nec\/wp-content\/uploads\/2019\/03\/04-Asalto-Chido.m4a\">http:\/\/nacoeschido.com\/nec\/wp-content\/uploads\/2019\/03\/04-Asalto-Chido.m4a<\/a><\/audio><\/p><\/li><li>Caite Cadaver<br \/><p><audio class=\"wp-audio-shortcode\" id=\"audio-1774-5\" preload=\"none\" style=\"width: 100%;\" controls=\"controls\"><source type=\"audio\/mpeg\" src=\"http:\/\/nacoeschido.com\/nec\/wp-content\/uploads\/2019\/03\/05-Caite-Cadaver.m4a?_=5\" \/><a href=\"http:\/\/nacoeschido.com\/nec\/wp-content\/uploads\/2019\/03\/05-Caite-Cadaver.m4a\">http:\/\/nacoeschido.com\/nec\/wp-content\/uploads\/2019\/03\/05-Caite-Cadaver.m4a<\/a><\/audio><\/p><\/li><li>El Zarco<br \/><p><audio class=\"wp-audio-shortcode\" id=\"audio-1774-6\" preload=\"none\" style=\"width: 100%;\" controls=\"controls\"><source type=\"audio\/mpeg\" src=\"http:\/\/nacoeschido.com\/nec\/wp-content\/uploads\/2019\/03\/06-El-Zarco.m4a?_=6\" \/><a href=\"http:\/\/nacoeschido.com\/nec\/wp-content\/uploads\/2019\/03\/06-El-Zarco.m4a\">http:\/\/nacoeschido.com\/nec\/wp-content\/uploads\/2019\/03\/06-El-Zarco.m4a<\/a><\/audio><\/p><\/li><li>Canci\u00f3n Para Un Arma\u00f1o<br \/><p><audio class=\"wp-audio-shortcode\" id=\"audio-1774-7\" preload=\"none\" style=\"width: 100%;\" controls=\"controls\"><source type=\"audio\/mpeg\" src=\"http:\/\/nacoeschido.com\/nec\/wp-content\/uploads\/2019\/03\/07-Cancion-Para-Un-Arman\u0303o.m4a?_=7\" \/><a href=\"http:\/\/nacoeschido.com\/nec\/wp-content\/uploads\/2019\/03\/07-Cancion-Para-Un-Arman\u0303o.m4a\">http:\/\/nacoeschido.com\/nec\/wp-content\/uploads\/2019\/03\/07-Cancion-Para-Un-Arman\u0303o.m4a<\/a><\/audio><\/p><\/li><li>El Adicto<br \/><p><audio class=\"wp-audio-shortcode\" id=\"audio-1774-8\" preload=\"none\" style=\"width: 100%;\" controls=\"controls\"><source type=\"audio\/mpeg\" src=\"http:\/\/nacoeschido.com\/nec\/wp-content\/uploads\/2019\/03\/08-El-Adicto.m4a?_=8\" \/><a href=\"http:\/\/nacoeschido.com\/nec\/wp-content\/uploads\/2019\/03\/08-El-Adicto.m4a\">http:\/\/nacoeschido.com\/nec\/wp-content\/uploads\/2019\/03\/08-El-Adicto.m4a<\/a><\/audio><\/p><\/li><li>La Guerra en Mi Casa<br \/><p><audio class=\"wp-audio-shortcode\" id=\"audio-1774-9\" preload=\"none\" style=\"width: 100%;\" controls=\"controls\"><source type=\"audio\/mpeg\" src=\"http:\/\/nacoeschido.com\/nec\/wp-content\/uploads\/2019\/03\/09-La-Guerra-En-Mi-Casa.m4a?_=9\" \/><a href=\"http:\/\/nacoeschido.com\/nec\/wp-content\/uploads\/2019\/03\/09-La-Guerra-En-Mi-Casa.m4a\">http:\/\/nacoeschido.com\/nec\/wp-content\/uploads\/2019\/03\/09-La-Guerra-En-Mi-Casa.m4a<\/a><\/audio><\/p><\/li><li>El Tl\u00e1locman<br \/><p><audio class=\"wp-audio-shortcode\" id=\"audio-1774-10\" preload=\"none\" style=\"width: 100%;\" controls=\"controls\"><source type=\"audio\/mpeg\" src=\"http:\/\/nacoeschido.com\/nec\/wp-content\/uploads\/2019\/03\/El-Tlalocman.mp3?_=10\" \/><a href=\"http:\/\/nacoeschido.com\/nec\/wp-content\/uploads\/2019\/03\/El-Tlalocman.mp3\">http:\/\/nacoeschido.com\/nec\/wp-content\/uploads\/2019\/03\/El-Tlalocman.mp3<\/a><\/audio><\/p><\/li><li>El Guacarrock de la Malinche<br \/><p><audio class=\"wp-audio-shortcode\" id=\"audio-1774-11\" preload=\"none\" style=\"width: 100%;\" controls=\"controls\"><source type=\"audio\/mpeg\" src=\"http:\/\/nacoeschido.com\/nec\/wp-content\/uploads\/2019\/03\/11-Guaca-Rock-De-La-Malinche.m4a?_=11\" \/><a href=\"http:\/\/nacoeschido.com\/nec\/wp-content\/uploads\/2019\/03\/11-Guaca-Rock-De-La-Malinche.m4a\">http:\/\/nacoeschido.com\/nec\/wp-content\/uploads\/2019\/03\/11-Guaca-Rock-De-La-Malinche.m4a<\/a><\/audio><\/p><\/li><\/ol><\/div>\n\t\t\t\t<\/div>\n\t\t\t\t<\/div>\n\t\t\t\t\t\t<\/div>\n\t\t\t<\/div>\n\t\t<\/div>\n\t\t\t\t\t\t<\/div>\n\t\t\t<\/div>\n\t\t<\/section>\n\t\t\t\t\t\t<\/div>\n\t\t\t<\/div>\n\t\t<\/div>\n\t\t","protected":false},"excerpt":{"rendered":"<p>Todos tienen tortita menos yo Soledad El T\u00fanel 29 Asalto Chido Caite Cadaver El Zarco Canci\u00f3n Para Un Arma\u00f1o El Adicto La [&hellip;]<\/p>\n","protected":false},"author":1,"featured_media":0,"parent":0,"menu_order":0,"comment_status":"closed","ping_status":"closed","template":"page-templates\/page_fullwidth.php","meta":[],"_links":{"self":[{"href":"http:\/\/nacoeschido.com\/nec\/wp-json\/wp\/v2\/pages\/1774"}],"collection":[{"href":"http:\/\/nacoeschido.com\/nec\/wp-json\/wp\/v2\/pages"}],"about":[{"href":"http:\/\/nacoeschido.com\/nec\/wp-json\/wp\/v2\/types\/page"}],"author":[{"embeddable":true,"href":"http:\/\/nacoeschido.com\/nec\/wp-json\/wp\/v2\/users\/1"}],"replies":[{"embeddable":true,"href":"http:\/\/nacoeschido.com\/nec\/wp-json\/wp\/v2\/comments?post=1774"}],"version-history":[{"count":5,"href":"http:\/\/nacoeschido.com\/nec\/wp-json\/wp\/v2\/pages\/1774\/revisions"}],"predecessor-version":[{"id":1904,"href":"http:\/\/nacoeschido.com\/nec\/wp-json\/wp\/v2\/pages\/1774\/revisions\/1904"}],"wp:attachment":[{"href":"http:\/\/nacoeschido.com\/nec\/wp-json\/wp\/v2\/media?parent=1774"}],"curies":[{"name":"wp","href":"https:\/\/api.w.org\/{rel}","templated":true}]}}