{"id":167,"date":"2014-02-10T16:59:13","date_gmt":"2014-02-10T16:59:13","guid":{"rendered":"http:\/\/nacoeschido.com\/nec\/?page_id=167"},"modified":"2022-11-03T19:07:04","modified_gmt":"2022-11-04T01:07:04","slug":"botellita-de-jerez","status":"publish","type":"page","link":"http:\/\/nacoeschido.com\/nec\/botellita-de-jerez\/","title":{"rendered":"Botellita de Jerez"},"content":{"rendered":"<div align=\"justify\">Fundada en los albores de la pasada d\u00e9cada de los ochenta, Botellita de Jerez es una de las bandas m\u00e1s influyentes del rock mexicano contempor\u00e1neo. Su propuesta de mezclar en un sabroso guacamole esc\u00e9nico y sonoro, el humor carpero de Tin Tan y lo m\u00e1s rasposo de la m\u00fasica de barriada con el rocanrol, cambiar\u00eda para siempre la forma de o\u00edr y hacer rock en M\u00e9xico. Botellita nos a legado varios discos, incontables presentaciones p\u00fablicas con sus rituales&nbsp;teatrales, y la fundaci\u00f3n de un foro que llegar\u00eda a ser el semillero de los grupos m\u00e1s importantes de la actualidad, Rockotitl\u00e1n. Los luchadores enmascarados con Tlalocm\u00e1n y la Malinche en una odisea Chimalpopunk y&nbsp; la botellesca imagen del charr\u00f3quer, pantalones de mezclilla con botonadura charra y tenis con espuela, son una leyenda bien viva que regresa a los escenarios, frescos como una lechuga orejona, actual y muy prendida. Botellita ha vuelto con la alineaci\u00f3n original: Francisko Barrios, el Mastuerzo, a la bataquer\u00eda; Sergio Arau, el Uyuyuy, en la vihuela el\u00e9ctrica; y Armando Vega-Gil, el Cucurrucuc\u00fa, en el tololoche. Asistir a un concierto de Botellita de Jerez es un punto de llegada y de partida, una fiesta en la que el p\u00fablico es parte fundamental de la ceremonia; es pasado, presente y futuro; es entender por qu\u00e9 &#8230;<\/div>\n<div align=\"justify\"><\/div>\n<div align=\"justify\"><\/div>\n<div style=\"text-align: center;\" align=\"justify\"><strong>\u00a1TODO LO NACO ES CHIDO!<\/strong><\/div>\n<div align=\"justify\"><\/div>\n<div style=\"text-align: center;\" align=\"justify\"><a href=\"http:\/\/nacoeschido.com\/nec\/wp-content\/uploads\/2014\/02\/band-members_032.jpg\"><img decoding=\"async\" loading=\"lazy\" class=\"aligncenter size-medium wp-image-168\" src=\"http:\/\/nacoeschido.com\/nec\/wp-content\/uploads\/2014\/02\/band-members_032-300x232.jpg\" alt=\"\" width=\"300\" height=\"232\" srcset=\"http:\/\/nacoeschido.com\/nec\/wp-content\/uploads\/2014\/02\/band-members_032-300x232.jpg 300w, http:\/\/nacoeschido.com\/nec\/wp-content\/uploads\/2014\/02\/band-members_032.jpg 640w\" sizes=\"(max-width: 300px) 100vw, 300px\" \/><\/a><\/div>\n","protected":false},"excerpt":{"rendered":"<p>Fundada en los albores de la pasada d\u00e9cada de los ochenta, Botellita de Jerez es una de las bandas m\u00e1s influyentes del [&hellip;]<\/p>\n","protected":false},"author":1,"featured_media":0,"parent":0,"menu_order":2,"comment_status":"closed","ping_status":"closed","template":"","meta":[],"_links":{"self":[{"href":"http:\/\/nacoeschido.com\/nec\/wp-json\/wp\/v2\/pages\/167"}],"collection":[{"href":"http:\/\/nacoeschido.com\/nec\/wp-json\/wp\/v2\/pages"}],"about":[{"href":"http:\/\/nacoeschido.com\/nec\/wp-json\/wp\/v2\/types\/page"}],"author":[{"embeddable":true,"href":"http:\/\/nacoeschido.com\/nec\/wp-json\/wp\/v2\/users\/1"}],"replies":[{"embeddable":true,"href":"http:\/\/nacoeschido.com\/nec\/wp-json\/wp\/v2\/comments?post=167"}],"version-history":[{"count":7,"href":"http:\/\/nacoeschido.com\/nec\/wp-json\/wp\/v2\/pages\/167\/revisions"}],"predecessor-version":[{"id":1915,"href":"http:\/\/nacoeschido.com\/nec\/wp-json\/wp\/v2\/pages\/167\/revisions\/1915"}],"wp:attachment":[{"href":"http:\/\/nacoeschido.com\/nec\/wp-json\/wp\/v2\/media?parent=167"}],"curies":[{"name":"wp","href":"https:\/\/api.w.org\/{rel}","templated":true}]}}